201242?
45201244
In base 16, what is f60e9 + -39?
f60b0
In base 15, what is -4d7 - 1bee?
-21d6
In base 9, what is 211313 - 41?
211262
In base 7, what is -26 + -1040564?
-1040623
In base 16, what is 39b7ed + 6?
39b7f3
In base 13, what is 8cc7 + 485?
947c
In base 14, what is 497 + -b79b?
-b304
In base 3, what is -1020211 + 121220222?
120200011
In base 2, what is -11001 + 10110111001001010110?
10110111001000111101
In base 11, what is 32 - -6308a1?
630923
In base 9, what is -13337400 + 165?
-13337224
In base 16, what is -10d8a32 + -4?
-10d8a36
In base 11, what is 1 - a8a0a591?
-a8a0a590
In base 3, what is 210 + -1021112110022100?
-1021112110021120
In base 11, what is 5 - -227730?
227735
In base 3, what is -20220201 - 11121011?
-102111212
In base 10, what is -553847433 + -4?
-553847437
In base 4, what is 110222 + 322233?
1033121
In base 15, what is 27d74 + -684?
276e0
In base 7, what is -35234143 - 0?
-35234143
In base 9, what is 6640 - 217?
6422
In base 12, what is -16782 - -1a10?
-14972
In base 16, what is f709 + -429a?
b46f
In base 8, what is 212 - 27564327?
-27564115
In base 6, what is 13432444 - -23?
13432511
In base 14, what is 5 - b92476?
-b92471
In base 2, what is -10100 - -1101010011100111011111?
1101010011100111001011
In base 16, what is 1 + 1241d?
1241e
In base 15, what is 380b - -867?
4173
In base 11, what is -308 + -865?
-1072
In base 9, what is -2 + 2305411?
2305408
In base 13, what is -4b13349 - -2?
-4b13347
In base 15, what is -1 - 1788cc0?
-1788cc1
In base 13, what is -5a826249 - -3?
-5a826246
In base 2, what is 1 + -101010110000000011111110?
-101010110000000011111101
In base 4, what is -10231 + -32313231?
-32330122
In base 3, what is 20012010020102121 + -2?
20012010020102112
In base 3, what is 1 + 21212222020102211?
21212222020102212
In base 10, what is -3315 - -31220?
27905
In base 8, what is -713624 + 131?
-713473
In base 5, what is -4 - -31222020141?
31222020132
In base 8, what is -20004 + 114003?
73777
In base 10, what is 5123 - -6421?
11544
In base 9, what is 28144 + 1307?
30452
In base 4, what is -12200 + 130203233?
130131033
In base 15, what is 70bb418 - -7?
70bb420
In base 13, what is -1b23c + -20?
-1b25c
In base 12, what is 23 + 6b833?
6b856
In base 4, what is 10 - 2231011332021?
-2231011332011
In base 12, what is -16029264 + 0?
-16029264
In base 11, what is 1a47 - -38114?
3a060
In base 9, what is 251 - -230372?
230633
In base 9, what is 124706604 - 7?
124706586
In base 16, what is 152334 + -63?
1522d1
In base 9, what is -2025775021 - 0?
-2025775021
In base 4, what is -33011111 + -1013?
-33012130
In base 4, what is -10022 + -3212201121?
-3212211203
In base 5, what is 4 - -30412130?
30412134
In base 10, what is 49566 + -60?
49506
In base 11, what is 1 + -4968716?
-4968715
In base 9, what is -6045771463 + -3?
-6045771466
In base 14, what is -331db4 - -26?
-331d8c
In base 3, what is 220110012102 - -201012?
220110220121
In base 16, what is 4eb1536 + f?
4eb1545
In base 4, what is -110211033003 + -211?
-110211033220
In base 5, what is 21 + -11344?
-11323
In base 9, what is 210 - 20168283?
-20168073
In base 8, what is 77754 - 11563?
66171
In base 7, what is -551 - 142034?
-142615
In base 11, what is -11 + -2a7686a?
-2a76880
In base 7, what is 1165254 + 55?
1165342
In base 3, what is -1010211110222 + 121001?
-1010210212221
In base 4, what is 13020031232 + -22?
13020031210
In base 14, what is -1c2 - -120aa?
11cc8
In base 5, what is -201012 + -21442?
-223004
In base 16, what is 4f - -43bb1?
43c00
In base 7, what is -2 - -634450215?
634450213
In base 8, what is -2212 + 307563?
305351
In base 3, what is 112022110220012 + -2?
112022110220010
In base 10, what is 357 - -151240?
151597
In base 11, what is -525394 + 3?
-525391
In base 7, what is -3630242405 + -4?
-3630242412
In base 9, what is 8017 - 204614?
-185586
In base 5, what is 223432 + -24103?
144324
In base 5, what is -11 + 1214114000?
1214113434
In base 10, what is 23749 - -3932?
27681
In base 10, what is 2299 + -21205?
-18906
In base 15, what is b7e - 1a36?
-da7
In base 8, what is -105 - 1304250?
-1304355
In base 12, what is -681928 - 10?
-681938
In base 6, what is -2 - 104020530?
-104020532
In base 2, what is 111100110100001010011 - -101?
111100110100001011000
In base 14, what is -3 + -20a35dc?
-20a3601
In base 5, what is -1310023440 - -23?
-1310023412
In base 8, what is -626666 + -523?
-627411
In base 8, what is 23634443 - -2?
23634445
In base 14, what is -28 + 19484?
1945a
In base 7, what is 11132334 + 50?
11132414
In base 13, what is -b151aa - -17?
-b15193
In base 5, what is 1 + -220323342?
-220323341
In base 2, what is 1001101010 - 101010010100?
-100000101010
In base 3, what is -111001 + 1112001?
1001000
In base 12, what is 2ab96 + 296?
2b270
In base 9, what is -1708164 + 5?
-1708158
In base 6, what is 3102213331 - 10?
3102213321
In base 15, what is -e0d9 + -9cd?
-eab7
In base 16, what is -c1 - -23578?
234b7
In base 11, what is -1796326 - 5?
-1796330
In base 6, what is -3343142012 + -4?
-3343142020
In base 14, what is -39 + b70b4?
b7079
In base 11, what is -8587 - -6096?
-24a1
In base 6, what is 0 + 3001223250?
3001223250
In base 5, what is -3102400 + 441344?
-2111001
In base 11, what is 110 + 660751?
660861
In base 13, what is -5ca5c9 - 73?
-5ca66c
In base 9, what is 210 + -1042327?
-1042117
In base 9, what is 157381 + -16?
157364
In base 10, what is -1 + -26112937?
-26112938
In base 3, what is -2102102222202120 + 22?
-2102102222202021
In base 12, what is 9099b - -80?
90a5b
In base 12, what is -3 - -35b976b?
35b9768
In base 14, what is b24 - -c29?
194d
In base 11, what is 51 + 10088?
10129
In base 11, what is -2a49831 - -2?
-2a4982a
In base 3, what is -2 + 20200112101120002?
20200112101120000
In base 7, what is 20325 - -44603?
65231
In base 4, what is -1103 + -1032322110?
-1032323213
In base 14, what is -5 + -709d55?
-709d5a
In base 2, what is 110100001000 + -111101011101?
-1001010101
In base 16, what is -e1 - 5b09e?
-5b17f
In base 16, what is 4 - -18dee5?
18dee9
In base 4, what is 12231332221203 + -2?
12231332221201
In base 12, what is 2 + 3571bb8?
3571bba
In base 4, what is -1133221 - -122231?
-1010330
In base 16, what is -14 - -11cac?
11c98
In base 13, what is 412ca0 - -1?
412ca1
In base 4, what is -20003321 + -2011?
-20011332
In base 3, what is 2201011201220210 - -10?
2201011201220220
In base 3, what is -211 - 110022201201120?
-110022201202101
In base 8, what is 4077 - 4354?
-255
In base 8, what is -10127 - 215623?
-225752
In base 6, what is 123341 - -133?
123514
In base 16, what is -5 + 426d241?
426d23c
In base 16, what is 55d7f - 1b?
55d64
In base 13, what is 16b0a - -14?
16b21
In base 2, what is 11101110111 + -10000010000101?
-1100100001110
In base 15, what is 4 - -762b54?
762b58
In base 2, what is 10010011001110001 - -101101?
10010011010011110
In base 16, what is 39ed - -c80?
466d
In base 6, what is -5141 - -201?
-4540
In base 7, what is 10 - 12052226?
-12052216
In base 13, what is 55 - 2510a2?
-25104a
In base 7, what is 63 - 3562106?
-3562013
In base 10, what is -1550086 - 123?
-1550209
In base 9, what is -22770 - -3378?
-18381
In base 3, what is -21000012122 + 121?
-21000012001
In base 9, what is -180774785 - -4?
-180774781
In base 10, what is -1160 + -830?
-1990
In base 5, what is -2411103141 + -304?
-2411104000
In base 15, what is -2803537 + 2?
-2803535
In base 5, what is 10441 + 41012413?
41023404
In base 10, what is -40661 - 15259?
-55920
In base 7, what is 14046 - 114351?
-100302
In base 14, what is -4076 - -b125?
708d
In base 15, what is 7788 - -12?
779a
In base 2, what is 100111101111011101 + 1001100?
100111110000101001
In base 8, what is -427 - -250235?
247606
In base 8, what is -111 + 517452?
517341
In base 7, what is 10 + 102556634?
102556644
In base 14, what is ab + dd5?
10a2
In base 10, what is -228233 + 190?
-228043
In base 12, what is -4 - 487b8aa4?
-487b8aa8
In base 8, what is -27 - -1311707?
1311660
In base 6, what is -5 + -244021001?
-244021010
In base 12, what is 2 + -211b072?
-211b070
In base 14, what is -4 + -291d78?
-291d7c
In base 11, what is 4 + 24464a31?
24464a35
In base 4, what is -1 + -13233011000?
-13233011001
In base 13, what is 72a3 + -9212?
-1c3c
In base 11, what is 0 - -18261aa2?
18261aa2
In base 3, what is 2122221221 + 11220?